{"id":2019,"date":"2023-11-15T01:11:49","date_gmt":"2023-11-15T06:11:49","guid":{"rendered":"https:\/\/duelingnexus.com\/blog\/?page_id=2019"},"modified":"2023-11-15T01:16:03","modified_gmt":"2023-11-15T06:16:03","slug":"dueling-nexus-kostenloses-yu-gi-oh-online-spiel","status":"publish","type":"page","link":"https:\/\/duelingnexus.com\/blog\/dueling-nexus-kostenloses-yu-gi-oh-online-spiel\/","title":{"rendered":"Dueling Nexus &#8211; Kostenloses Yu-Gi-Oh! Online-Spiel"},"content":{"rendered":"\n<figure class=\"wp-block-image size-large\"><img loading=\"lazy\" decoding=\"async\" width=\"1024\" height=\"576\" src=\"https:\/\/duelingnexus.com\/blog\/wp-content\/uploads\/2023\/05\/Yugioh-Game-1024x576.png\" alt=\"Kostenloses Yu-Gi-Oh! Online-Spiel\" class=\"wp-image-958\" srcset=\"https:\/\/duelingnexus.com\/blog\/wp-content\/uploads\/2023\/05\/Yugioh-Game-1024x576.png 1024w, https:\/\/duelingnexus.com\/blog\/wp-content\/uploads\/2023\/05\/Yugioh-Game-300x169.png 300w, https:\/\/duelingnexus.com\/blog\/wp-content\/uploads\/2023\/05\/Yugioh-Game-768x432.png 768w, https:\/\/duelingnexus.com\/blog\/wp-content\/uploads\/2023\/05\/Yugioh-Game-1536x864.png 1536w, https:\/\/duelingnexus.com\/blog\/wp-content\/uploads\/2023\/05\/Yugioh-Game-500x281.png 500w, https:\/\/duelingnexus.com\/blog\/wp-content\/uploads\/2023\/05\/Yugioh-Game-800x450.png 800w, https:\/\/duelingnexus.com\/blog\/wp-content\/uploads\/2023\/05\/Yugioh-Game-1280x720.png 1280w, https:\/\/duelingnexus.com\/blog\/wp-content\/uploads\/2023\/05\/Yugioh-Game-48x27.png 48w, https:\/\/duelingnexus.com\/blog\/wp-content\/uploads\/2023\/05\/Yugioh-Game.png 1920w\" sizes=\"auto, (max-width: 1024px) 100vw, 1024px\" \/><\/figure>\n\n\n\n<p class=\"has-text-align-justify\">Dueling Nexus ist ein kostenloses online Yu-Gi-Oh! Spiel. Dueling Nexus ist durch vollst\u00e4ndige Automatisierung perfekt geeignet, um Karten auszuprobieren und das Spiel kennenzulernen. Es ist nicht m\u00f6glich, einen falschen Zug zu machen, was auch Schummeln f\u00fcr deine Gegner unm\u00f6glich macht.<\/p>\n\n\n\n<p class=\"has-text-align-justify\">Dueling Nexus funktioniert unter allen g\u00e4ngigen Betriebssystemen, einschlie\u00dflich Windows, Mac, Linux, Android, iOS, Chrome OS und anderen. Aufgrund der geringen Hardware Anforderungen kannst du mit fast jedem Ger\u00e4t fl\u00fcssig auf Dueling Nexus spielen.<\/p>\n\n\n\n<p class=\"has-text-align-justify\">Dueling Nexus wird h\u00e4ufig aktualisiert. Neue Karten werden kurz nach ihrer Ank\u00fcndigung hinzugef\u00fcgt &#8211; lange bevor sie gedruckt und der \u00d6ffentlichkeit zug\u00e4nglich gemacht werden. Unsere Spieler haben die einzigartige M\u00f6glichkeit, neue Karten zu testen, bevor sie sich f\u00fcr den Kauf entscheiden.<\/p>\n\n\n\n<p class=\"has-text-align-justify\">Nexus KI ist ein fortschrittlicher Duellroboter, mit welchem Spieler ihre Decks testen k\u00f6nnen. Nexus KI kann \u00fcber 30 einzigartige Decks verwenden. Um gegen die KI zu duellieren, erstell dir ein Deck in unserem Deck-Editor. Gehe dann in die Duell-Zone und klicke auf &#8220;Gegen die KI Spielen&#8221;.<\/p>\n","protected":false},"excerpt":{"rendered":"<p>Dueling Nexus ist ein kostenloses online Yu-Gi-Oh! Spiel. Dueling Nexus ist durch vollst\u00e4ndige Automatisierung perfekt geeignet, um Karten auszuprobieren und&#8230;<\/p>\n","protected":false},"author":1,"featured_media":0,"parent":0,"menu_order":0,"comment_status":"closed","ping_status":"closed","template":"","meta":{"_editorskit_title_hidden":false,"_editorskit_reading_time":0,"_editorskit_is_block_options_detached":false,"_editorskit_block_options_position":"{}","ghostkit_customizer_options":"","ghostkit_custom_css":"","ghostkit_custom_js_head":"","ghostkit_custom_js_foot":"","ghostkit_typography":"","_vp_format_video_url":"","_vp_image_focal_point":[],"footnotes":""},"class_list":["post-2019","page","type-page","status-publish","hentry"],"yoast_head":"<!-- This site is optimized with the Yoast SEO plugin v27.5 - https:\/\/yoast.com\/product\/yoast-seo-wordpress\/ -->\n<title>Dueling Nexus - Kostenloses Yu-Gi-Oh! Online-Spiel<\/title>\n<meta name=\"description\" content=\"Dueling Nexus ist ein kostenloses online Yu-Gi-Oh! Spiel. Dueling Nexus ist durch vollst\u00e4ndige Automatisierung perfekt geeignet, um Karten auszuprobieren und das Spiel kennenzulernen.\" \/>\n<meta name=\"robots\" content=\"index, follow, max-snippet:-1, max-image-preview:large, max-video-preview:-1\" \/>\n<link rel=\"canonical\" href=\"https:\/\/duelingnexus.com\/blog\/dueling-nexus-kostenloses-yu-gi-oh-online-spiel\/\" \/>\n<meta property=\"og:locale\" content=\"en_US\" \/>\n<meta property=\"og:type\" content=\"article\" \/>\n<meta property=\"og:title\" content=\"Dueling Nexus - Kostenloses Yu-Gi-Oh! Online-Spiel\" \/>\n<meta property=\"og:description\" content=\"Dueling Nexus ist ein kostenloses online Yu-Gi-Oh! Spiel. Dueling Nexus ist durch vollst\u00e4ndige Automatisierung perfekt geeignet, um Karten auszuprobieren und das Spiel kennenzulernen.\" \/>\n<meta property=\"og:url\" content=\"https:\/\/duelingnexus.com\/blog\/dueling-nexus-kostenloses-yu-gi-oh-online-spiel\/\" \/>\n<meta property=\"og:site_name\" content=\"Yu-Gi-Oh! Dueling Nexus - Free Yu-Gi-Oh! Online Game\" \/>\n<meta property=\"article:publisher\" content=\"https:\/\/www.facebook.com\/DuelingNexusOfficial\/\" \/>\n<meta property=\"article:modified_time\" content=\"2023-11-15T06:16:03+00:00\" \/>\n<meta property=\"og:image\" content=\"https:\/\/duelingnexus.com\/blog\/wp-content\/uploads\/2023\/05\/Yugioh-Game-1024x576.png\" \/>\n<meta name=\"twitter:card\" content=\"summary_large_image\" \/>\n<meta name=\"twitter:site\" content=\"@Dueling_Nexus\" \/>\n<meta name=\"twitter:label1\" content=\"Est. reading time\" \/>\n\t<meta name=\"twitter:data1\" content=\"1 minute\" \/>\n<script type=\"application\/ld+json\" class=\"yoast-schema-graph\">{\"@context\":\"https:\\\/\\\/schema.org\",\"@graph\":[{\"@type\":\"WebPage\",\"@id\":\"https:\\\/\\\/duelingnexus.com\\\/blog\\\/dueling-nexus-kostenloses-yu-gi-oh-online-spiel\\\/\",\"url\":\"https:\\\/\\\/duelingnexus.com\\\/blog\\\/dueling-nexus-kostenloses-yu-gi-oh-online-spiel\\\/\",\"name\":\"Dueling Nexus - Kostenloses Yu-Gi-Oh! Online-Spiel\",\"isPartOf\":{\"@id\":\"https:\\\/\\\/duelingnexus.com\\\/blog\\\/#website\"},\"primaryImageOfPage\":{\"@id\":\"https:\\\/\\\/duelingnexus.com\\\/blog\\\/dueling-nexus-kostenloses-yu-gi-oh-online-spiel\\\/#primaryimage\"},\"image\":{\"@id\":\"https:\\\/\\\/duelingnexus.com\\\/blog\\\/dueling-nexus-kostenloses-yu-gi-oh-online-spiel\\\/#primaryimage\"},\"thumbnailUrl\":\"https:\\\/\\\/duelingnexus.com\\\/blog\\\/wp-content\\\/uploads\\\/2023\\\/05\\\/Yugioh-Game-1024x576.png\",\"datePublished\":\"2023-11-15T06:11:49+00:00\",\"dateModified\":\"2023-11-15T06:16:03+00:00\",\"description\":\"Dueling Nexus ist ein kostenloses online Yu-Gi-Oh! Spiel. Dueling Nexus ist durch vollst\u00e4ndige Automatisierung perfekt geeignet, um Karten auszuprobieren und das Spiel kennenzulernen.\",\"breadcrumb\":{\"@id\":\"https:\\\/\\\/duelingnexus.com\\\/blog\\\/dueling-nexus-kostenloses-yu-gi-oh-online-spiel\\\/#breadcrumb\"},\"inLanguage\":\"en-CA\",\"potentialAction\":[{\"@type\":\"ReadAction\",\"target\":[\"https:\\\/\\\/duelingnexus.com\\\/blog\\\/dueling-nexus-kostenloses-yu-gi-oh-online-spiel\\\/\"]}]},{\"@type\":\"ImageObject\",\"inLanguage\":\"en-CA\",\"@id\":\"https:\\\/\\\/duelingnexus.com\\\/blog\\\/dueling-nexus-kostenloses-yu-gi-oh-online-spiel\\\/#primaryimage\",\"url\":\"https:\\\/\\\/duelingnexus.com\\\/blog\\\/wp-content\\\/uploads\\\/2023\\\/05\\\/Yugioh-Game.png\",\"contentUrl\":\"https:\\\/\\\/duelingnexus.com\\\/blog\\\/wp-content\\\/uploads\\\/2023\\\/05\\\/Yugioh-Game.png\",\"width\":1920,\"height\":1080},{\"@type\":\"BreadcrumbList\",\"@id\":\"https:\\\/\\\/duelingnexus.com\\\/blog\\\/dueling-nexus-kostenloses-yu-gi-oh-online-spiel\\\/#breadcrumb\",\"itemListElement\":[{\"@type\":\"ListItem\",\"position\":1,\"name\":\"Home\",\"item\":\"https:\\\/\\\/duelingnexus.com\\\/blog\\\/\"},{\"@type\":\"ListItem\",\"position\":2,\"name\":\"Dueling Nexus &#8211; Kostenloses Yu-Gi-Oh! Online-Spiel\"}]},{\"@type\":\"WebSite\",\"@id\":\"https:\\\/\\\/duelingnexus.com\\\/blog\\\/#website\",\"url\":\"https:\\\/\\\/duelingnexus.com\\\/blog\\\/\",\"name\":\"Yu-Gi-Oh! Dueling Nexus - Free Yu-Gi-Oh! Online Game\",\"description\":\"\",\"publisher\":{\"@id\":\"https:\\\/\\\/duelingnexus.com\\\/blog\\\/#organization\"},\"potentialAction\":[{\"@type\":\"SearchAction\",\"target\":{\"@type\":\"EntryPoint\",\"urlTemplate\":\"https:\\\/\\\/duelingnexus.com\\\/blog\\\/?s={search_term_string}\"},\"query-input\":{\"@type\":\"PropertyValueSpecification\",\"valueRequired\":true,\"valueName\":\"search_term_string\"}}],\"inLanguage\":\"en-CA\"},{\"@type\":\"Organization\",\"@id\":\"https:\\\/\\\/duelingnexus.com\\\/blog\\\/#organization\",\"name\":\"Dueling Nexus\",\"url\":\"https:\\\/\\\/duelingnexus.com\\\/blog\\\/\",\"logo\":{\"@type\":\"ImageObject\",\"inLanguage\":\"en-CA\",\"@id\":\"https:\\\/\\\/duelingnexus.com\\\/blog\\\/#\\\/schema\\\/logo\\\/image\\\/\",\"url\":\"https:\\\/\\\/duelingnexus.com\\\/blog\\\/wp-content\\\/uploads\\\/2023\\\/05\\\/logo.png\",\"contentUrl\":\"https:\\\/\\\/duelingnexus.com\\\/blog\\\/wp-content\\\/uploads\\\/2023\\\/05\\\/logo.png\",\"width\":1552,\"height\":844,\"caption\":\"Dueling Nexus\"},\"image\":{\"@id\":\"https:\\\/\\\/duelingnexus.com\\\/blog\\\/#\\\/schema\\\/logo\\\/image\\\/\"},\"sameAs\":[\"https:\\\/\\\/www.facebook.com\\\/DuelingNexusOfficial\\\/\",\"https:\\\/\\\/x.com\\\/Dueling_Nexus\",\"https:\\\/\\\/www.youtube.com\\\/c\\\/DuelingNexus\"]}]}<\/script>\n<!-- \/ Yoast SEO plugin. -->","yoast_head_json":{"title":"Dueling Nexus - Kostenloses Yu-Gi-Oh! Online-Spiel","description":"Dueling Nexus ist ein kostenloses online Yu-Gi-Oh! Spiel. Dueling Nexus ist durch vollst\u00e4ndige Automatisierung perfekt geeignet, um Karten auszuprobieren und das Spiel kennenzulernen.","robots":{"index":"index","follow":"follow","max-snippet":"max-snippet:-1","max-image-preview":"max-image-preview:large","max-video-preview":"max-video-preview:-1"},"canonical":"https:\/\/duelingnexus.com\/blog\/dueling-nexus-kostenloses-yu-gi-oh-online-spiel\/","og_locale":"en_US","og_type":"article","og_title":"Dueling Nexus - Kostenloses Yu-Gi-Oh! Online-Spiel","og_description":"Dueling Nexus ist ein kostenloses online Yu-Gi-Oh! Spiel. Dueling Nexus ist durch vollst\u00e4ndige Automatisierung perfekt geeignet, um Karten auszuprobieren und das Spiel kennenzulernen.","og_url":"https:\/\/duelingnexus.com\/blog\/dueling-nexus-kostenloses-yu-gi-oh-online-spiel\/","og_site_name":"Yu-Gi-Oh! Dueling Nexus - Free Yu-Gi-Oh! Online Game","article_publisher":"https:\/\/www.facebook.com\/DuelingNexusOfficial\/","article_modified_time":"2023-11-15T06:16:03+00:00","og_image":[{"url":"https:\/\/duelingnexus.com\/blog\/wp-content\/uploads\/2023\/05\/Yugioh-Game-1024x576.png","type":"","width":"","height":""}],"twitter_card":"summary_large_image","twitter_site":"@Dueling_Nexus","twitter_misc":{"Est. reading time":"1 minute"},"schema":{"@context":"https:\/\/schema.org","@graph":[{"@type":"WebPage","@id":"https:\/\/duelingnexus.com\/blog\/dueling-nexus-kostenloses-yu-gi-oh-online-spiel\/","url":"https:\/\/duelingnexus.com\/blog\/dueling-nexus-kostenloses-yu-gi-oh-online-spiel\/","name":"Dueling Nexus - Kostenloses Yu-Gi-Oh! Online-Spiel","isPartOf":{"@id":"https:\/\/duelingnexus.com\/blog\/#website"},"primaryImageOfPage":{"@id":"https:\/\/duelingnexus.com\/blog\/dueling-nexus-kostenloses-yu-gi-oh-online-spiel\/#primaryimage"},"image":{"@id":"https:\/\/duelingnexus.com\/blog\/dueling-nexus-kostenloses-yu-gi-oh-online-spiel\/#primaryimage"},"thumbnailUrl":"https:\/\/duelingnexus.com\/blog\/wp-content\/uploads\/2023\/05\/Yugioh-Game-1024x576.png","datePublished":"2023-11-15T06:11:49+00:00","dateModified":"2023-11-15T06:16:03+00:00","description":"Dueling Nexus ist ein kostenloses online Yu-Gi-Oh! Spiel. Dueling Nexus ist durch vollst\u00e4ndige Automatisierung perfekt geeignet, um Karten auszuprobieren und das Spiel kennenzulernen.","breadcrumb":{"@id":"https:\/\/duelingnexus.com\/blog\/dueling-nexus-kostenloses-yu-gi-oh-online-spiel\/#breadcrumb"},"inLanguage":"en-CA","potentialAction":[{"@type":"ReadAction","target":["https:\/\/duelingnexus.com\/blog\/dueling-nexus-kostenloses-yu-gi-oh-online-spiel\/"]}]},{"@type":"ImageObject","inLanguage":"en-CA","@id":"https:\/\/duelingnexus.com\/blog\/dueling-nexus-kostenloses-yu-gi-oh-online-spiel\/#primaryimage","url":"https:\/\/duelingnexus.com\/blog\/wp-content\/uploads\/2023\/05\/Yugioh-Game.png","contentUrl":"https:\/\/duelingnexus.com\/blog\/wp-content\/uploads\/2023\/05\/Yugioh-Game.png","width":1920,"height":1080},{"@type":"BreadcrumbList","@id":"https:\/\/duelingnexus.com\/blog\/dueling-nexus-kostenloses-yu-gi-oh-online-spiel\/#breadcrumb","itemListElement":[{"@type":"ListItem","position":1,"name":"Home","item":"https:\/\/duelingnexus.com\/blog\/"},{"@type":"ListItem","position":2,"name":"Dueling Nexus &#8211; Kostenloses Yu-Gi-Oh! Online-Spiel"}]},{"@type":"WebSite","@id":"https:\/\/duelingnexus.com\/blog\/#website","url":"https:\/\/duelingnexus.com\/blog\/","name":"Yu-Gi-Oh! Dueling Nexus - Free Yu-Gi-Oh! Online Game","description":"","publisher":{"@id":"https:\/\/duelingnexus.com\/blog\/#organization"},"potentialAction":[{"@type":"SearchAction","target":{"@type":"EntryPoint","urlTemplate":"https:\/\/duelingnexus.com\/blog\/?s={search_term_string}"},"query-input":{"@type":"PropertyValueSpecification","valueRequired":true,"valueName":"search_term_string"}}],"inLanguage":"en-CA"},{"@type":"Organization","@id":"https:\/\/duelingnexus.com\/blog\/#organization","name":"Dueling Nexus","url":"https:\/\/duelingnexus.com\/blog\/","logo":{"@type":"ImageObject","inLanguage":"en-CA","@id":"https:\/\/duelingnexus.com\/blog\/#\/schema\/logo\/image\/","url":"https:\/\/duelingnexus.com\/blog\/wp-content\/uploads\/2023\/05\/logo.png","contentUrl":"https:\/\/duelingnexus.com\/blog\/wp-content\/uploads\/2023\/05\/logo.png","width":1552,"height":844,"caption":"Dueling Nexus"},"image":{"@id":"https:\/\/duelingnexus.com\/blog\/#\/schema\/logo\/image\/"},"sameAs":["https:\/\/www.facebook.com\/DuelingNexusOfficial\/","https:\/\/x.com\/Dueling_Nexus","https:\/\/www.youtube.com\/c\/DuelingNexus"]}]}},"_links":{"self":[{"href":"https:\/\/duelingnexus.com\/blog\/wp-json\/wp\/v2\/pages\/2019","targetHints":{"allow":["GET"]}}],"collection":[{"href":"https:\/\/duelingnexus.com\/blog\/wp-json\/wp\/v2\/pages"}],"about":[{"href":"https:\/\/duelingnexus.com\/blog\/wp-json\/wp\/v2\/types\/page"}],"author":[{"embeddable":true,"href":"https:\/\/duelingnexus.com\/blog\/wp-json\/wp\/v2\/users\/1"}],"replies":[{"embeddable":true,"href":"https:\/\/duelingnexus.com\/blog\/wp-json\/wp\/v2\/comments?post=2019"}],"version-history":[{"count":2,"href":"https:\/\/duelingnexus.com\/blog\/wp-json\/wp\/v2\/pages\/2019\/revisions"}],"predecessor-version":[{"id":2024,"href":"https:\/\/duelingnexus.com\/blog\/wp-json\/wp\/v2\/pages\/2019\/revisions\/2024"}],"wp:attachment":[{"href":"https:\/\/duelingnexus.com\/blog\/wp-json\/wp\/v2\/media?parent=2019"}],"curies":[{"name":"wp","href":"https:\/\/api.w.org\/{rel}","templated":true}]}}