{"id":2025,"date":"2023-11-15T01:17:56","date_gmt":"2023-11-15T06:17:56","guid":{"rendered":"https:\/\/duelingnexus.com\/blog\/?page_id=2025"},"modified":"2023-11-15T01:17:56","modified_gmt":"2023-11-15T06:17:56","slug":"dueling-nexus-gioco-yu-gi-oh-online-gratuito","status":"publish","type":"page","link":"https:\/\/duelingnexus.com\/blog\/dueling-nexus-gioco-yu-gi-oh-online-gratuito\/","title":{"rendered":"Dueling Nexus &#8211; Gioco Yu-Gi-Oh! Online Gratuito"},"content":{"rendered":"\n<figure class=\"wp-block-image size-large\"><img loading=\"lazy\" decoding=\"async\" width=\"1024\" height=\"576\" src=\"https:\/\/duelingnexus.com\/blog\/wp-content\/uploads\/2023\/05\/Yugioh-Game-1024x576.png\" alt=\"Gioco Yu-Gi-Oh! Online Gratuito\" class=\"wp-image-958\" srcset=\"https:\/\/duelingnexus.com\/blog\/wp-content\/uploads\/2023\/05\/Yugioh-Game-1024x576.png 1024w, https:\/\/duelingnexus.com\/blog\/wp-content\/uploads\/2023\/05\/Yugioh-Game-300x169.png 300w, https:\/\/duelingnexus.com\/blog\/wp-content\/uploads\/2023\/05\/Yugioh-Game-768x432.png 768w, https:\/\/duelingnexus.com\/blog\/wp-content\/uploads\/2023\/05\/Yugioh-Game-1536x864.png 1536w, https:\/\/duelingnexus.com\/blog\/wp-content\/uploads\/2023\/05\/Yugioh-Game-500x281.png 500w, https:\/\/duelingnexus.com\/blog\/wp-content\/uploads\/2023\/05\/Yugioh-Game-800x450.png 800w, https:\/\/duelingnexus.com\/blog\/wp-content\/uploads\/2023\/05\/Yugioh-Game-1280x720.png 1280w, https:\/\/duelingnexus.com\/blog\/wp-content\/uploads\/2023\/05\/Yugioh-Game-48x27.png 48w, https:\/\/duelingnexus.com\/blog\/wp-content\/uploads\/2023\/05\/Yugioh-Game.png 1920w\" sizes=\"auto, (max-width: 1024px) 100vw, 1024px\" \/><\/figure>\n\n\n\n<p class=\"has-text-align-justify\">Dueling Nexus \u00e8 un gioco online gratuito di Yu-Gi-Oh! Dueling Nexus \u00e8 automatico, rendendolo perfetto per testare carte e imparare il gioco, essendo impossibile fare mosse illegali, ed essendo impossibile barare per gli avversari.<\/p>\n\n\n\n<p class=\"has-text-align-justify\">Dueling Nexus funziona su tutti i maggiori sistemi operativi, inclusi Windows, Mac, Linux, Android, iOS, Chrome OS e altri. Grazie ai suoi bassi requisiti di sistema, quasi ogni dispositivo \u00e8 capace di far girare Dueling Nexus a velocit\u00e0 decenti.<\/p>\n\n\n\n<p class=\"has-text-align-justify\">Dueling Nexus \u00e8 aggiornato frequentemente: le carte nuove vengono aggiunte poco tempo dopo il loro annuncio e molto prima che vengano stampate e rilasciate al pubblico. Ci\u00f2 d\u00e0 ai nostri giocatori un&#8217;opportunit\u00e0 unica per provare nuove carte prima di deciderle di comprarle.<\/p>\n\n\n\n<p class=\"has-text-align-justify\">IA Nexus \u00e8 un bot duellante avanzato che i giocatori possono utilizzare per mettere alla prova i propri deck. IA Nexus \u00e8 capace di utilizzare pi\u00f9 di 30 deck differententi. Per duellare contro l&#8217;IA, crea un deck in Costruzione Deck, poi clicca su Zona Duello, e infine, su Gioca contro l&#8217;IA.<\/p>\n","protected":false},"excerpt":{"rendered":"<p>Dueling Nexus \u00e8 un gioco online gratuito di Yu-Gi-Oh! Dueling Nexus \u00e8 automatico, rendendolo perfetto per testare carte e imparare&#8230;<\/p>\n","protected":false},"author":1,"featured_media":0,"parent":0,"menu_order":0,"comment_status":"closed","ping_status":"closed","template":"","meta":{"_editorskit_title_hidden":false,"_editorskit_reading_time":0,"_editorskit_is_block_options_detached":false,"_editorskit_block_options_position":"{}","ghostkit_customizer_options":"","ghostkit_custom_css":"","ghostkit_custom_js_head":"","ghostkit_custom_js_foot":"","ghostkit_typography":"","_vp_format_video_url":"","_vp_image_focal_point":[],"footnotes":""},"class_list":["post-2025","page","type-page","status-publish","hentry"],"yoast_head":"<!-- This site is optimized with the Yoast SEO plugin v27.3 - https:\/\/yoast.com\/product\/yoast-seo-wordpress\/ -->\n<title>Dueling Nexus - Gioco Yu-Gi-Oh! Online Gratuito<\/title>\n<meta name=\"description\" content=\"Dueling Nexus \u00e8 un gioco online gratuito di Yu-Gi-Oh! Dueling Nexus \u00e8 automatico, rendendolo perfetto per testare carte e imparare il gioco.\" \/>\n<meta name=\"robots\" content=\"index, follow, max-snippet:-1, max-image-preview:large, max-video-preview:-1\" \/>\n<link rel=\"canonical\" href=\"https:\/\/duelingnexus.com\/blog\/dueling-nexus-gioco-yu-gi-oh-online-gratuito\/\" \/>\n<meta property=\"og:locale\" content=\"en_US\" \/>\n<meta property=\"og:type\" content=\"article\" \/>\n<meta property=\"og:title\" content=\"Dueling Nexus - Gioco Yu-Gi-Oh! Online Gratuito\" \/>\n<meta property=\"og:description\" content=\"Dueling Nexus \u00e8 un gioco online gratuito di Yu-Gi-Oh! Dueling Nexus \u00e8 automatico, rendendolo perfetto per testare carte e imparare il gioco.\" \/>\n<meta property=\"og:url\" content=\"https:\/\/duelingnexus.com\/blog\/dueling-nexus-gioco-yu-gi-oh-online-gratuito\/\" \/>\n<meta property=\"og:site_name\" content=\"Yu-Gi-Oh! Dueling Nexus - Free Yu-Gi-Oh! Online Game\" \/>\n<meta property=\"article:publisher\" content=\"https:\/\/www.facebook.com\/DuelingNexusOfficial\/\" \/>\n<meta property=\"og:image\" content=\"https:\/\/duelingnexus.com\/blog\/wp-content\/uploads\/2023\/05\/Yugioh-Game-1024x576.png\" \/>\n<meta name=\"twitter:card\" content=\"summary_large_image\" \/>\n<meta name=\"twitter:site\" content=\"@Dueling_Nexus\" \/>\n<meta name=\"twitter:label1\" content=\"Est. reading time\" \/>\n\t<meta name=\"twitter:data1\" content=\"1 minute\" \/>\n<script type=\"application\/ld+json\" class=\"yoast-schema-graph\">{\"@context\":\"https:\\\/\\\/schema.org\",\"@graph\":[{\"@type\":\"WebPage\",\"@id\":\"https:\\\/\\\/duelingnexus.com\\\/blog\\\/dueling-nexus-gioco-yu-gi-oh-online-gratuito\\\/\",\"url\":\"https:\\\/\\\/duelingnexus.com\\\/blog\\\/dueling-nexus-gioco-yu-gi-oh-online-gratuito\\\/\",\"name\":\"Dueling Nexus - Gioco Yu-Gi-Oh! Online Gratuito\",\"isPartOf\":{\"@id\":\"https:\\\/\\\/duelingnexus.com\\\/blog\\\/#website\"},\"primaryImageOfPage\":{\"@id\":\"https:\\\/\\\/duelingnexus.com\\\/blog\\\/dueling-nexus-gioco-yu-gi-oh-online-gratuito\\\/#primaryimage\"},\"image\":{\"@id\":\"https:\\\/\\\/duelingnexus.com\\\/blog\\\/dueling-nexus-gioco-yu-gi-oh-online-gratuito\\\/#primaryimage\"},\"thumbnailUrl\":\"https:\\\/\\\/duelingnexus.com\\\/blog\\\/wp-content\\\/uploads\\\/2023\\\/05\\\/Yugioh-Game-1024x576.png\",\"datePublished\":\"2023-11-15T06:17:56+00:00\",\"description\":\"Dueling Nexus \u00e8 un gioco online gratuito di Yu-Gi-Oh! Dueling Nexus \u00e8 automatico, rendendolo perfetto per testare carte e imparare il gioco.\",\"breadcrumb\":{\"@id\":\"https:\\\/\\\/duelingnexus.com\\\/blog\\\/dueling-nexus-gioco-yu-gi-oh-online-gratuito\\\/#breadcrumb\"},\"inLanguage\":\"en-CA\",\"potentialAction\":[{\"@type\":\"ReadAction\",\"target\":[\"https:\\\/\\\/duelingnexus.com\\\/blog\\\/dueling-nexus-gioco-yu-gi-oh-online-gratuito\\\/\"]}]},{\"@type\":\"ImageObject\",\"inLanguage\":\"en-CA\",\"@id\":\"https:\\\/\\\/duelingnexus.com\\\/blog\\\/dueling-nexus-gioco-yu-gi-oh-online-gratuito\\\/#primaryimage\",\"url\":\"https:\\\/\\\/duelingnexus.com\\\/blog\\\/wp-content\\\/uploads\\\/2023\\\/05\\\/Yugioh-Game.png\",\"contentUrl\":\"https:\\\/\\\/duelingnexus.com\\\/blog\\\/wp-content\\\/uploads\\\/2023\\\/05\\\/Yugioh-Game.png\",\"width\":1920,\"height\":1080},{\"@type\":\"BreadcrumbList\",\"@id\":\"https:\\\/\\\/duelingnexus.com\\\/blog\\\/dueling-nexus-gioco-yu-gi-oh-online-gratuito\\\/#breadcrumb\",\"itemListElement\":[{\"@type\":\"ListItem\",\"position\":1,\"name\":\"Home\",\"item\":\"https:\\\/\\\/duelingnexus.com\\\/blog\\\/\"},{\"@type\":\"ListItem\",\"position\":2,\"name\":\"Dueling Nexus &#8211; Gioco Yu-Gi-Oh! Online Gratuito\"}]},{\"@type\":\"WebSite\",\"@id\":\"https:\\\/\\\/duelingnexus.com\\\/blog\\\/#website\",\"url\":\"https:\\\/\\\/duelingnexus.com\\\/blog\\\/\",\"name\":\"Yu-Gi-Oh! Dueling Nexus - Free Yu-Gi-Oh! Online Game\",\"description\":\"\",\"publisher\":{\"@id\":\"https:\\\/\\\/duelingnexus.com\\\/blog\\\/#organization\"},\"potentialAction\":[{\"@type\":\"SearchAction\",\"target\":{\"@type\":\"EntryPoint\",\"urlTemplate\":\"https:\\\/\\\/duelingnexus.com\\\/blog\\\/?s={search_term_string}\"},\"query-input\":{\"@type\":\"PropertyValueSpecification\",\"valueRequired\":true,\"valueName\":\"search_term_string\"}}],\"inLanguage\":\"en-CA\"},{\"@type\":\"Organization\",\"@id\":\"https:\\\/\\\/duelingnexus.com\\\/blog\\\/#organization\",\"name\":\"Dueling Nexus\",\"url\":\"https:\\\/\\\/duelingnexus.com\\\/blog\\\/\",\"logo\":{\"@type\":\"ImageObject\",\"inLanguage\":\"en-CA\",\"@id\":\"https:\\\/\\\/duelingnexus.com\\\/blog\\\/#\\\/schema\\\/logo\\\/image\\\/\",\"url\":\"https:\\\/\\\/duelingnexus.com\\\/blog\\\/wp-content\\\/uploads\\\/2023\\\/05\\\/logo.png\",\"contentUrl\":\"https:\\\/\\\/duelingnexus.com\\\/blog\\\/wp-content\\\/uploads\\\/2023\\\/05\\\/logo.png\",\"width\":1552,\"height\":844,\"caption\":\"Dueling Nexus\"},\"image\":{\"@id\":\"https:\\\/\\\/duelingnexus.com\\\/blog\\\/#\\\/schema\\\/logo\\\/image\\\/\"},\"sameAs\":[\"https:\\\/\\\/www.facebook.com\\\/DuelingNexusOfficial\\\/\",\"https:\\\/\\\/x.com\\\/Dueling_Nexus\",\"https:\\\/\\\/www.youtube.com\\\/c\\\/DuelingNexus\"]}]}<\/script>\n<!-- \/ Yoast SEO plugin. -->","yoast_head_json":{"title":"Dueling Nexus - Gioco Yu-Gi-Oh! Online Gratuito","description":"Dueling Nexus \u00e8 un gioco online gratuito di Yu-Gi-Oh! Dueling Nexus \u00e8 automatico, rendendolo perfetto per testare carte e imparare il gioco.","robots":{"index":"index","follow":"follow","max-snippet":"max-snippet:-1","max-image-preview":"max-image-preview:large","max-video-preview":"max-video-preview:-1"},"canonical":"https:\/\/duelingnexus.com\/blog\/dueling-nexus-gioco-yu-gi-oh-online-gratuito\/","og_locale":"en_US","og_type":"article","og_title":"Dueling Nexus - Gioco Yu-Gi-Oh! Online Gratuito","og_description":"Dueling Nexus \u00e8 un gioco online gratuito di Yu-Gi-Oh! Dueling Nexus \u00e8 automatico, rendendolo perfetto per testare carte e imparare il gioco.","og_url":"https:\/\/duelingnexus.com\/blog\/dueling-nexus-gioco-yu-gi-oh-online-gratuito\/","og_site_name":"Yu-Gi-Oh! Dueling Nexus - Free Yu-Gi-Oh! Online Game","article_publisher":"https:\/\/www.facebook.com\/DuelingNexusOfficial\/","og_image":[{"url":"https:\/\/duelingnexus.com\/blog\/wp-content\/uploads\/2023\/05\/Yugioh-Game-1024x576.png","type":"","width":"","height":""}],"twitter_card":"summary_large_image","twitter_site":"@Dueling_Nexus","twitter_misc":{"Est. reading time":"1 minute"},"schema":{"@context":"https:\/\/schema.org","@graph":[{"@type":"WebPage","@id":"https:\/\/duelingnexus.com\/blog\/dueling-nexus-gioco-yu-gi-oh-online-gratuito\/","url":"https:\/\/duelingnexus.com\/blog\/dueling-nexus-gioco-yu-gi-oh-online-gratuito\/","name":"Dueling Nexus - Gioco Yu-Gi-Oh! Online Gratuito","isPartOf":{"@id":"https:\/\/duelingnexus.com\/blog\/#website"},"primaryImageOfPage":{"@id":"https:\/\/duelingnexus.com\/blog\/dueling-nexus-gioco-yu-gi-oh-online-gratuito\/#primaryimage"},"image":{"@id":"https:\/\/duelingnexus.com\/blog\/dueling-nexus-gioco-yu-gi-oh-online-gratuito\/#primaryimage"},"thumbnailUrl":"https:\/\/duelingnexus.com\/blog\/wp-content\/uploads\/2023\/05\/Yugioh-Game-1024x576.png","datePublished":"2023-11-15T06:17:56+00:00","description":"Dueling Nexus \u00e8 un gioco online gratuito di Yu-Gi-Oh! Dueling Nexus \u00e8 automatico, rendendolo perfetto per testare carte e imparare il gioco.","breadcrumb":{"@id":"https:\/\/duelingnexus.com\/blog\/dueling-nexus-gioco-yu-gi-oh-online-gratuito\/#breadcrumb"},"inLanguage":"en-CA","potentialAction":[{"@type":"ReadAction","target":["https:\/\/duelingnexus.com\/blog\/dueling-nexus-gioco-yu-gi-oh-online-gratuito\/"]}]},{"@type":"ImageObject","inLanguage":"en-CA","@id":"https:\/\/duelingnexus.com\/blog\/dueling-nexus-gioco-yu-gi-oh-online-gratuito\/#primaryimage","url":"https:\/\/duelingnexus.com\/blog\/wp-content\/uploads\/2023\/05\/Yugioh-Game.png","contentUrl":"https:\/\/duelingnexus.com\/blog\/wp-content\/uploads\/2023\/05\/Yugioh-Game.png","width":1920,"height":1080},{"@type":"BreadcrumbList","@id":"https:\/\/duelingnexus.com\/blog\/dueling-nexus-gioco-yu-gi-oh-online-gratuito\/#breadcrumb","itemListElement":[{"@type":"ListItem","position":1,"name":"Home","item":"https:\/\/duelingnexus.com\/blog\/"},{"@type":"ListItem","position":2,"name":"Dueling Nexus &#8211; Gioco Yu-Gi-Oh! Online Gratuito"}]},{"@type":"WebSite","@id":"https:\/\/duelingnexus.com\/blog\/#website","url":"https:\/\/duelingnexus.com\/blog\/","name":"Yu-Gi-Oh! Dueling Nexus - Free Yu-Gi-Oh! Online Game","description":"","publisher":{"@id":"https:\/\/duelingnexus.com\/blog\/#organization"},"potentialAction":[{"@type":"SearchAction","target":{"@type":"EntryPoint","urlTemplate":"https:\/\/duelingnexus.com\/blog\/?s={search_term_string}"},"query-input":{"@type":"PropertyValueSpecification","valueRequired":true,"valueName":"search_term_string"}}],"inLanguage":"en-CA"},{"@type":"Organization","@id":"https:\/\/duelingnexus.com\/blog\/#organization","name":"Dueling Nexus","url":"https:\/\/duelingnexus.com\/blog\/","logo":{"@type":"ImageObject","inLanguage":"en-CA","@id":"https:\/\/duelingnexus.com\/blog\/#\/schema\/logo\/image\/","url":"https:\/\/duelingnexus.com\/blog\/wp-content\/uploads\/2023\/05\/logo.png","contentUrl":"https:\/\/duelingnexus.com\/blog\/wp-content\/uploads\/2023\/05\/logo.png","width":1552,"height":844,"caption":"Dueling Nexus"},"image":{"@id":"https:\/\/duelingnexus.com\/blog\/#\/schema\/logo\/image\/"},"sameAs":["https:\/\/www.facebook.com\/DuelingNexusOfficial\/","https:\/\/x.com\/Dueling_Nexus","https:\/\/www.youtube.com\/c\/DuelingNexus"]}]}},"_links":{"self":[{"href":"https:\/\/duelingnexus.com\/blog\/wp-json\/wp\/v2\/pages\/2025","targetHints":{"allow":["GET"]}}],"collection":[{"href":"https:\/\/duelingnexus.com\/blog\/wp-json\/wp\/v2\/pages"}],"about":[{"href":"https:\/\/duelingnexus.com\/blog\/wp-json\/wp\/v2\/types\/page"}],"author":[{"embeddable":true,"href":"https:\/\/duelingnexus.com\/blog\/wp-json\/wp\/v2\/users\/1"}],"replies":[{"embeddable":true,"href":"https:\/\/duelingnexus.com\/blog\/wp-json\/wp\/v2\/comments?post=2025"}],"version-history":[{"count":1,"href":"https:\/\/duelingnexus.com\/blog\/wp-json\/wp\/v2\/pages\/2025\/revisions"}],"predecessor-version":[{"id":2026,"href":"https:\/\/duelingnexus.com\/blog\/wp-json\/wp\/v2\/pages\/2025\/revisions\/2026"}],"wp:attachment":[{"href":"https:\/\/duelingnexus.com\/blog\/wp-json\/wp\/v2\/media?parent=2025"}],"curies":[{"name":"wp","href":"https:\/\/api.w.org\/{rel}","templated":true}]}}